divided by l.
16
Let p = 1501 - 1388. Calculate the remainder when p is divided by 57.
56
Calculate the remainder when (1 - (2 - 2)) + 28 is divided by ((-7)/((-21)/(-33)))/(-1).
7
Calculate the remainder when 760 is divided by -1 - (-42 - (16 - 9)).
40
Suppose 4*w + 5*o = 49 + 126, -132 = -3*w - 4*o. Suppose 0*j = -5*j + w. Let q = -36 - -51. What is the remainder when q is divided by j?
7
Let d be 3/9 + (-94)/(-6). Suppose -t - 16 = -q - 4*q, t - d = -3*q. Suppose 0 = c - 15*c + 42. Calculate the remainder when t is divided by c.
1
Let j(l) = 57*l - 27. Let n be -3 + (-3)/(12/(-20)). Calculate the remainder when j(n) is divided by 25.
12
Let j be (5 + (3 - 7))*-28. What is the remainder when ((-14)/j)/(1/148) is divided by 7?
4
Let u(i) = -16*i + 1. Let y be u(-1). Let o = y - 28. Let c = -4 - o. What is the remainder when c is divided by 2?
1
Suppose 0 = 36*c - 46*c + 320. What is the remainder when c is divided by 7?
4
Let s(w) = 23*w - 3. Let r = 7 + -5. Let n(v) = v**3 + 35*v**2 + 99*v + 111. What is the remainder when s(r) is divided by n(-32)?
13
Suppose 2*d = 5*b - 28, d = 2*b - 5*b + 8. Calculate the remainder when (-6)/(-16)*-1 + (-301)/(-56) is divided by b.
1
Suppose 0 = -0*o + 2*o - 18. Suppose 0 = -21*p - 5*p + 676. Calculate the remainder when p is divided by o.
8
Let y(t) = -14*t + 1. Let d = -20 + 19. What is the remainder when y(d) is divided by 10 - ((5 - 2) + -1)?
7
Let a be 4/(-10) - (-66)/15. Suppose 2*h = -4*r + a, r - 4*r = -2*h + 32. Calculate the remainder when 17 is divided by h.
7
Suppose -10 = 8*d + 62. Suppose 0 = 2*x - 5*w - 3, 0 = 4*x - w - w - 14. Calculate the remainder when (-3)/(-3 - 0) - d is divided by x.
2
Suppose -2*x + 3*n - 209 = 0, 3*n + 191 = -x - x. Let y = 126 + x. Calculate the remainder when y is divided by 10.
6
Suppose -3*y = 2*a - 32 - 14, -3*y = 4*a - 38. Let f = 1402 + -1397. What is the remainder when y is divided by f?
3
Let u(z) = z**2 + z + 48. Let r(f) = -f**3 + 9*f**2 - 6*f - 11. Let j be r(8). Let p(a) = 4*a - 3. What is the remainder when u(0) is divided by p(j)?
14
Let n(x) = 3*x**3 + 26*x**2 - 13*x + 4. Calculate the remainder when n(-9) is divided by 22.
18
Let l(g) = 44*g + 4. Suppose m - 10 = -4*f, 2 = 3*f - m - 2. Let s be l(f). Calculate the remainder when (s/6)/(12/54) is divided by 14.
13
Let o(a) = 2*a - 4. Let g be o(3). Suppose -g = -l + 4. Suppose 0*b - 4*b = -36. What is the remainder when b is divided by l?
3
Let f = -25 + 50. Suppose 2*c - 2*w = -c - 4, -3*w = 5*c - f. What is the remainder when 3 is divided by c?
1
Calculate the remainder when 356 is divided by (2028/130)/((-3)/(-10)).
44
Let r = -5 - -33. Let i = 108 + -106. Suppose -6 = -0*q + i*q, 4*l - 2*q - 442 = 0. Calculate the remainder when l is divided by r.
25
Suppose 0 = -p - 5*l + 37, 59 = 4*p + 3*l - 72. Calculate the remainder when 39 is divided by p.
7
Calculate the remainder when ((-869)/316)/((-1)/52) is divided by 55.
33
Let n = 53 + 261. Calculate the remainder when n is divided by 100.
14
Suppose 20*x = 16*x. Suppose -7*g + 1 + 76 = x. Calculate the remainder when 42 is divided by g.
9
Suppose 4*o - 100 = -o. Let d(z) = -z**2 - 11*z + 37. Calculate the remainder when o is divided by d(2).
9
Suppose -61 = -5*i - 2*j, 51*i - 50*i - j - 8 = 0. What is the remainder when 536 is divided by i?
8
Suppose -7 = -3*y + 11. Suppose -3*o - y = 0, 4*i - 5*o - 13 = 5*i. Calculate the remainder when i/(-9) + 96/9 is divided by 7.
4
Let j be (8 + -1)*(-1)/(-1). Let f(k) be the second derivative of 5*k**3/6 - 7*k**2 - 4*k. What is the remainder when f(j) is divided by 11?
10
Let y(j) = j**3 - 4*j**2 - 2*j + 5. Let m be y(4). Let c(v) be the first derivative of -v**2/2 + v + 81. What is the remainder when 6 is divided by c(m)?
2
Let d be (9/(-6))/((-3)/6). Suppose -4*r = -3*q - 114, -d*q - 15 = -r + 18. What is the remainder when r is divided by 15?
12
Let t(y) = 16*y + 229. What is the remainder when 406 is divided by t(-12)?
36
Let v(i) = i**3 + 4*i**2 - 22*i + 1. Let u be v(-7). Suppose 3*z - 5*m + 60 = u*z, 3*z - 56 = m. Calculate the remainder when 48 is divided by z.
14
Let x(r) = -r**2 - 5*r - 4. Let p be x(-3). Suppose 0 = 5*v - 0*v, -3*v = p*b - 78. Calculate the remainder when b is divided by 10.
9
Let t be -1 - (6 - 3 - -4). What is the remainder when 0 + 6/t - (-231)/4 is divided by 21?
15
Let o(j) = -j**3 + 7*j**2 - 6*j + 5. Suppose -3*g + 5*g + 13 = 5*r, 3*g - 28 = -2*r. Suppose 65 = -u + g*u. What is the remainder when o(5) is divided by u?
12
Let d be -20*(-15)/8*(-4)/10. What is the remainder when ((-2988)/d)/6 - 4/20 is divided by 9?
6
Let d be (8 + -5)*1 - -253. Suppose 4*r + p - 140 = 72, -5*r + p = -d. What is the remainder when r is divided by 9?
7
Let v = -22 + 36. What is the remainder when 53 is divided by v?
11
Let z = -6 - -3. Let f = -214 - -182. Let r = z - f. What is the remainder when r is divided by 8?
5
Let r(w) = -22*w - 53. Suppose -10*p - 42 - 8 = 0. What is the remainder when r(p) is divided by -3*(-20)/(-14)*-7?
27
Suppose -8*q + 186 = -2*q. What is the remainder when q is divided by 7?
3
Let a = -26 + 39. Let u(y) = -y + 30. What is the remainder when 50 is divided by u(a)?
16
Suppose -4*f = 18 - 42. Let w = 12 - f. Suppose 0 = -3*r - 4*i + 6*i + 67, i + 44 = 2*r. What is the remainder when r is divided by w?
3
Suppose -5*n + 9 + 31 = 0. Let x(k) = 65*k**2 + 4*k + 2. Calculate the remainder when x(-1) is divided by (n + -24)*2*-1.
31
Let c(x) = 2*x**2 + 9*x + 6. Let l be c(11). Suppose -6*q = -l - 133. What is the remainder when q is divided by 14?
10
Calculate the remainder when 6/(126/(-35))*-93 is divided by 53.
49
Let x(o) = -2*o + 35. Calculate the remainder when x(10) is divided by 7.
1
Suppose -3*n = 3*o - 7 - 2, -5*n = -3*o - 31. Suppose 0 = n*w - 2*w + d - 31, -5*w + 63 = -4*d. What is the remainder when w is divided by 2?
1
Let r be 1/((-4)/112*-2). Let u = r + -10. Suppose -5 = -g - u. What is the remainder when 2 is divided by g?
0
Let u be (-18)/2 + (-4)/(-4) + -2. Let d = 55 - u. What is the remainder when d is divided by 26?
13
Let g(i) = -19*i + 47. What is the remainder when 110 is divided by g(1)?
26
Let i = -313 - -504. What is the remainder when i is divided by 15?
11
Let t = 115 + -115. Suppose 8*y - 12*y + 3*b = -15, t = y + 2*b - 12. Calculate the remainder when 16 is divided by y.
4
Let r(g) = -g**2 - g + 2. Let s(t) = t - 2. Let b(d) = -7*r(d) - 6*s(d). Let j = 84 + -64. What is the remainder when b(-3) is divided by j?
18
Let v be (-21)/(1 + (-8)/2). Calculate the remainder when 17 is divided by 18/v + 32/(-56).
1
Suppose 0 = -q + 3*y, 3*q + 11*y - 40 = 12*y. What is the remainder when q is divided by 13?
2
Let g(x) = 2*x**2 + 44*x - 14. What is the remainder when g(-23) is divided by ((-18)/4)/(3/(-6))?
5
Suppose -68 = -2*z - w, 0 = -4*w - 41 + 33. What is the remainder when 116 is divided by z?
11
Suppose 7*j + 149 = 590. Calculate the remainder when j is divided by 27.
9
Suppose -2*r + 17 + 91 = 0. Suppose 4*q - 30 - r = 0. Calculate the remainder when q is divided by 3.
0
Let n(b) = 2*b**2 + 17*b - 50. What is the remainder when n(5) is divided by 53?
32
Let p = -45 + 102. What is the remainder when -3 - 2 - -6 - -224 is divided by p?
54
Let h = -42 - -39. Calculate the remainder when ((-3)/(-6))/(h/(-294)) is divided by 17.
15
Let r(g) = g**3 + 26*g**2 + 23*g + 19. Let v(d) = -d + 5. Let q be v(5). Let h(x) = -x + 24. What is the remainder when r(-25) is divided by h(q)?
21
Let s(w) = 6*w. Let z(f) = f. Let c(g) = -g**2 + g - 6. Let j(a) = -c(a) + 6*z(a). Let n be j(-4). What is the remainder when 45 is divided by s(n)?
9
Let a be -1*3 - (-12 + 2 + 3). Suppose -8*r + 3*r - 5*u = -410, 2*r + a*u = 164. Calculate the remainder when r is divided by 22.
16
Let q(w) = -6*w + 8. Let f be q(-4). Let j = 34 - f. What is the remainder when 13 is divided by j?
1
Suppose -22*x + 108 = -24. Calculate the remainder when x is divided by 1.
0
Let o(b) = -3*b - 7*b - 1 - 4*b - b. Let q = 47 - 30. What is the remainder when o(-2) is divided by q?
12
Calculate the remainder when 41 is divided by 2 + 0 + (8 - -1) + -6.
1
Let b = 22 + -43. Let x(i) = 2*i**2 + 2*i - 1. Let l be x(4). Let r = b + l. Calculate the remainder when r is divided by 4.
2
Suppose -184